5
Suppose -4*z + 102 = -2*h, 3*h = 3*z + 8*h - 96. Calculate the remainder when z is divided by 18.
9
Let d be (-6)/(-4)*(-8)/(-3). Suppose 150 = -y + d*y. What is the remainder when y is divided by 17?
16
Suppose -5*f - 2*y + 0*y = -94, 3*f - 72 = 4*y. Let l = f + -5. Calculate the remainder when l is divided by 6.
3
Calculate the remainder when 40 is divided by -8 + 20 + (-2)/(-1).
12
Let b(u) = -u**3 + u**2 + 83. What is the remainder when b(0) is divided by 21?
20
Let j(y) = y + 38. What is the remainder when 37 is divided by j(-18)?
17
Let u = -17 + 27. Suppose 11*m - u*m - 7 = 0. What is the remainder when 17 is divided by m?
3
Suppose -5*h - 42 - 58 = -3*b, -5*h - 10 = 0. Let s = -9 - -29. What is the remainder when b is divided by (64/s)/((-2)/(-10))?
14
Let f(o) = 3 + 4 - o - 2*o - o**3 - 5*o**2. What is the remainder when f(-5) is divided by (-102)/(-9) - (-4)/6?
10
Let p = 19 + 7. What is the remainder when 67 is divided by 302/18 + p/117?
16
Let j be ((-8)/(-3))/(2/3). Let d(x) = -x**3 + 5*x**2 - 2*x - 1. What is the remainder when d(j) is divided by 4?
3
Let r(v) = -8*v - 55. What is the remainder when r(-10) is divided by 15?
10
Suppose 2*k - 17 = -3*s, -k + 5 + 0 = s. Let u be -4*(2 - s/2). Let o = -2 + u. What is the remainder when o is divided by 2?
0
Let d be (138/9)/(2/6). Let g = d + -21. Let q(t) = -3*t - 5. What is the remainder when g is divided by q(-6)?
12
Let i be -1 - (0 + -1 + -2). Suppose -f - i*f + 6 = 0. What is the remainder when (-1)/4*-38*f is divided by 10?
9
Suppose 0*y + 2*y = 8. Suppose 0 = 2*m + 4*o + 4, -4*o = -0*m - y*m - 68. Let u = m - -36. What is the remainder when u is divided by 13?
11
Let d be -2*(36/(-8) + 2). Suppose l = -d*f + 314, -3*l + 7*l = 2*f - 130. What is the remainder when f is divided by 13?
11
Let w(v) = -v**2 - 4*v. Let u(a) = a**2 - 9*a + 6. Let x be u(8). Let c be w(x). Suppose 0 = c*b - 76 + 8. What is the remainder when b is divided by 10?
7
Let z(y) = -y**2 - 6*y + 4. Let i be z(-6). Let b(t) = -t**2 + 5*t. Calculate the remainder when 13 is divided by b(i).
1
Let t = 6 + -11. Let f = 20 + t. Calculate the remainder when 28 is divided by f.
13
Suppose -10 - 10 = -2*j. What is the remainder when j is divided by 6?
4
Suppose 5*s + v - 10 = 0, v + 8 = 4*s - 4*v. Let z(g) = -g**2 + 10*g - 18. What is the remainder when s - ((-10)/2 + 2) is divided by z(7)?
2
Suppose -3*k = 3*y - 15, k = -k + 4. Let s = y - 1. Suppose 0 = -s*a + 4*t - 6 + 22, 2*t = 2. Calculate the remainder when 29 is divided by a.
9
Let t be (0 + 1)*-2*1. Let j be 1/((-14)/(-6) + t). Suppose -2*p = -j*p + 21. What is the remainder when p is divided by 11?
10
Suppose 0*a - 2*a = 3*k - 7, -k = 1. Let i(d) = 2*d**2 - 6*d - 4. Let n(s) = 2*s**2 - 5*s + 3. What is the remainder when n(6) is divided by i(a)?
13
Let b(k) = 2*k**3 - 3*k**2 + 3*k - 1. What is the remainder when -3 + 1 - (-175)/5 is divided by b(2)?
6
Suppose 5*t - 4 = c, 2*c + 1 + 1 = 4*t. Calculate the remainder when 3 is divided by c.
0
Suppose 0 = -2*f - 2*f + 272. Suppose 0*i + i = 2*b - 44, 4*b + 3*i = f. Calculate the remainder when 58 is divided by b.
18
Let i(p) = 5*p - 28. What is the remainder when 28 is divided by i(9)?
11
Let o(n) = -n**2 + 7*n - 6. What is the remainder when o(4) is divided by 3?
0
Let g(n) = -n**2 - 8*n + 10. What is the remainder when 18 is divided by g(-8)?
8
Suppose 190 = -t + 6*t. What is the remainder when 70 is divided by t?
32
Let c(z) = z**2 - 3*z + 4. Let g(q) = q**3 + 5*q**2 + 4*q + 3. Let k be g(-4). Calculate the remainder when 6 is divided by c(k).
2
Let h(o) = -2*o**3 + 7*o**2 + 8*o - 2. What is the remainder when 110 is divided by h(4)?
12
Suppose -42*o + 34*o + 72 = 0. What is the remainder when o is divided by 3?
0
Let c(y) = -2*y + 2. Let k(w) = w**3 - 12*w**2 - w + 6. Let v be k(12). Calculate the remainder when c(v) is divided by 8.
6
Suppose 0 = 3*n - 2*n - 34. Calculate the remainder when -2 - (n - 3)/(-1) is divided by 15.
14
Calculate the remainder when (-2)/7 + 72/7 is divided by (-5)/25 + 31/5.
4
What is the remainder when (-1)/(((-1)/3)/1) - -17 is divided by 4?
0
Suppose h - 4*b = -0*b + 30, 2*h = -3*b + 38. Suppose k + k - h = 0. Calculate the remainder when 31 is divided by k.
9
Let n(j) = 2*j**2 - j + 1. Let p(x) = 2*x**3 - 14*x**2 + x - 6. Calculate the remainder when n(1) is divided by p(7).
0
Suppose 3*p + 2*p - 90 = 0. Calculate the remainder when 106 is divided by p.
16
Suppose a - 24 = 11. Suppose -x + 5*x = -t + a, 2*x = 2*t + 30. Let v = 7 - 1. Calculate the remainder when x is divided by v.
4
Let p be (-4)/(-6)*3 + 57. Suppose -v = -j + 17, -5*v + p = 3*j - 8. Let h = 8 - -2. What is the remainder when j is divided by h?
9
Let j(f) = f**3 + 5*f - 4. Let p be j(4). Suppose 3*o + 2*c - 37 = -3*c, -75 = -5*o + 5*c. What is the remainder when (p/(-64))/((-1)/20) is divided by o?
11
Suppose 0 = 4*d + 3*a + 34, -2 = 5*d - a + 31. Let r(m) = -m**2 - 8*m + 6. Let i be r(d). What is the remainder when 52 is divided by (-2 - i)*(-18)/15?
16
Suppose 0 = i - 18 - 26. Let b = i + -30. What is the remainder when 27 is divided by b?
13
Let q(p) = p**3 + p - 1. Let z(i) = 2*i**3 + 5*i**2 - 1. Let o(j) = -3*q(j) + z(j). What is the remainder when 19 is divided by o(3)?
8
Suppose -k + 23 = 5*c, -c - 3 = 2*c - 5*k. Calculate the remainder when 78/c - (-6)/(-4) is divided by 5.
3
Suppose 2*n + 0*n - 52 = -5*d, 2*n = 2. What is the remainder when 28 is divided by d?
8
Let l(f) = -4*f + 20. Calculate the remainder when l(-4) is divided by 16.
4
Let u(o) = -7*o + 1. Suppose y = -2 - 4. Let i = y + 5. What is the remainder when 29 is divided by u(i)?
5
Suppose -2*s + 34 = 4*w, 3*s = -8*w + 5*w + 24. Let o be (1/2)/((-3)/12). Calculate the remainder when w is divided by 1/((-1)/(-8)) + o.
3
Suppose 8 = -j - 5*h, 2*j - 9 = -7*h + 2*h. Suppose -5 = -0*f - 5*f. Calculate the remainder when (2 - -1)*f*j is divided by 13.
12
Suppose j - 1 = -x - 3, 5*j - 14 = 3*x. Let l(q) = -13*q - 5. Calculate the remainder when l(x) is divided by 9.
7
Let f = 0 + 0. Suppose 0 = -0*l - l + 3*p + 2, f = 4*l + 2*p - 22. What is the remainder when (2*l)/((-8)/(-20)) is divided by 13?
12
Calculate the remainder when 1/(3 + 14/(-5)) is divided by 2.
1
What is the remainder when ((-3)/(-4))/((-14)/(-280)) is divided by 5?
0
Let w(o) = -2*o + 43. What is the remainder when 48 is divided by w(13)?
14
Let w(l) be the first derivative of -5*l**2/2 - 3*l - 1. Suppose -137 + 15 = -4*z - 2*t, 3*t + 15 = 0. Calculate the remainder when z is divided by w(-4).
16
Suppose -5*i + x + 136 = 0, -55 + 167 = 4*i - 4*x. Suppose -3*j = 2*j - 50. What is the remainder when i is divided by j?
7
Let g be ((-95)/(-10))/(2/4). Calculate the remainder when g - -3 - (-1 - -3) is divided by 11.
9
Calculate the remainder when 59 is divided by (6 - 3)*40/6.
19
What is the remainder when (-160)/(-7) + (-3)/(-21) is divided by 8?
7
Suppose a + 96 = 3*a. What is the remainder when (7/2)/(8/a) is divided by 12?
9
Let b = 204 + -131. Calculate the remainder when b is divided by 37.
36
What is the remainder when (24/9)/4*(-1998)/(-36) is divided by (0 - (-5)/(-3))*-6?
7
Suppose -5*g + 87 = 22. Suppose 3*m + 2*s + 2*s = 6, 4 = 2*m + 5*s. Calculate the remainder when 37 - (m - (-9)/(-3)) is divided by g.
12
Suppose 2*z + 0*z - 14 = 2*w, -2*w = 6. Suppose 33 = -q + z*q. Calculate the remainder when 7/((-2)/(-12)*2) is divided by q.
10
Let b(t) = t**2 + 7*t + 9. Let n be b(-7). Suppose 0*j + j = n. Calculate the remainder when 16 is divided by j.
7
Let d(o) = -o**3 + 5*o**2 + 7*o - 2. Let b be d(6). Suppose 0 = -n + b*n - 12. Calculate the remainder when n is divided by 2.
0
Suppose h = -5*w - 4*h + 55, -5*h = 4*w - 49. Suppose -x - x = -w. Suppose -2*i + 5 = -x. Calculate the remainder when 6 is divided by i.
2
Let f = 0 - -1. Suppose 3*v + 9 = 3. Let y(k) = -k**3 - 2*k**2 - 2*k - 3. What is the remainder when y(v) is divided by f?
0
What is the remainder when 6 is divided by (-12)/(-10)*30/9?
2
Let y(n) = -n**2 + 8*n + 12. Let a(h) = 2*h**2 + 5*h - 1. Let b be a(-5). Let x = b + -15. What is the remainder when 10 is divided by y(x)?
1
Suppose -9 = -2*m - 1. Calculate the remainder when (2/m)/(6/144) is divided by 7.
5
What is the remainder when 87 is divided by 2 + 